{"id":4513,"date":"2025-11-20T19:36:22","date_gmt":"2025-11-20T19:36:22","guid":{"rendered":"https:\/\/azalia-boutique.com\/tienda\/?post_type=product&#038;p=4513"},"modified":"2026-03-15T18:45:45","modified_gmt":"2026-03-15T18:45:45","slug":"palazzo-black-elegance","status":"publish","type":"product","link":"https:\/\/azalia-boutique.com\/tienda\/producto\/palazzo-black-elegance\/","title":{"rendered":"Palazzo Black Elegance"},"content":{"rendered":"<article class=\"text-token-text-primary w-full focus:outline-none [--shadow-height:45px] has-data-writing-block:pointer-events-none has-data-writing-block:-mt-(--shadow-height) has-data-writing-block:pt-(--shadow-height) [&amp;:has([data-writing-block])&gt;*]:pointer-events-auto [content-visibility:auto] supports-[content-visibility:auto]:[contain-intrinsic-size:auto_100lvh] scroll-mt-[calc(var(--header-height)+min(200px,max(70px,20svh)))]\" dir=\"auto\" tabindex=\"-1\" data-turn-id=\"96552050-b29e-4ae1-a11f-bf306a642780\" data-testid=\"conversation-turn-14\" data-scroll-anchor=\"true\" data-turn=\"assistant\">\n<div class=\"text-base my-auto mx-auto pb-10 [--thread-content-margin:--spacing(4)] thread-sm:[--thread-content-margin:--spacing(6)] thread-lg:[--thread-content-margin:--spacing(16)] px-(--thread-content-margin)\">\n<div class=\"[--thread-content-max-width:40rem] thread-lg:[--thread-content-max-width:48rem] mx-auto max-w-(--thread-content-max-width) flex-1 group\/turn-messages focus-visible:outline-hidden relative flex w-full min-w-0 flex-col agent-turn\" tabindex=\"-1\">\n<div class=\"flex max-w-full flex-col grow\">\n<div class=\"min-h-8 text-message relative flex w-full flex-col items-end gap-2 text-start break-words whitespace-normal [.text-message+&amp;]:mt-1\" dir=\"auto\" data-message-author-role=\"assistant\" data-message-id=\"f95f3385-cc91-4330-b9da-cf452f23f07b\" data-message-model-slug=\"gpt-5-1\">\n<div class=\"flex w-full flex-col gap-1 empty:hidden first:pt-[1px]\">\n<div class=\"markdown prose dark:prose-invert w-full break-words light markdown-new-styling\">\n<h3 data-start=\"91\" data-end=\"135\"><strong data-start=\"95\" data-end=\"135\">\u00a0Palazzo Black Elegance<\/strong><\/h3>\n<p data-start=\"137\" data-end=\"394\">El <strong data-start=\"140\" data-end=\"166\">Palazzo Black Elegance<\/strong> es la combinaci\u00f3n perfecta entre sofisticaci\u00f3n y estilo moderno. Su dise\u00f1o asim\u00e9trico de un solo hombro, adornado con un mo\u00f1o voluminoso y aplicaciones perladas, convierte esta pieza en un look memorable y lleno de presencia.<\/p>\n<p data-start=\"396\" data-end=\"593\">La cinturilla alta con cintur\u00f3n integrado define la figura y realza la silueta, mientras que el corte palazzo estiliza visualmente las piernas y aporta un movimiento fluido y elegante al caminar.<\/p>\n<p data-start=\"595\" data-end=\"811\">Confeccionado en un tejido firme, c\u00f3modo y de acabado premium, este modelo es ideal para eventos de noche, cenas especiales o celebraciones donde quieras destacar con un outfit refinado, femenino y de alto impacto.<\/p>\n<p data-start=\"813\" data-end=\"865\">Un dise\u00f1o sofisticado que eleva cualquier ocasi\u00f3n.<\/p>\n<hr data-start=\"867\" data-end=\"870\" \/>\n<\/div>\n<\/div>\n<\/div>\n<\/div>\n<div class=\"z-0 flex min-h-[46px] justify-start\"><\/div>\n<div class=\"mt-3 w-full empty:hidden\">\n<div class=\"text-center\"><\/div>\n<\/div>\n<\/div>\n<\/div>\n<\/article>\n<div class=\"pointer-events-none h-px w-px\" aria-hidden=\"true\" data-edge=\"true\"><\/div>\n","protected":false},"excerpt":{"rendered":"<p>\u00a0Palazzo Black Elegance El Palazzo Black Elegance es la combinaci\u00f3n perfecta entre sofisticaci\u00f3n y estilo moderno. Su dise\u00f1o asim\u00e9trico de un solo hombro, adornado con un mo\u00f1o voluminoso y aplicaciones perladas, convierte esta pieza en un look memorable y lleno de presencia. La cinturilla alta con cintur\u00f3n integrado define la figura y realza la silueta, [&hellip;]<\/p>\n","protected":false},"featured_media":4514,"template":"","meta":{"inline_featured_image":false,"_joinchat":[]},"product_brand":[],"product_cat":[344,415],"product_tag":[171,260,199,168,175,210,66,369,324,395],"class_list":{"0":"post-4513","1":"product","2":"type-product","3":"status-publish","4":"has-post-thumbnail","6":"product_cat-body-suit-2","7":"product_cat-palazzo","8":"product_tag-black","9":"product_tag-cenas","10":"product_tag-cocteles","11":"product_tag-elegance","12":"product_tag-eventos","13":"product_tag-galas","14":"product_tag-negro","15":"product_tag-noche","16":"product_tag-noir","17":"product_tag-oscuro","19":"first","20":"instock","21":"sold-individually","22":"shipping-taxable","23":"purchasable","24":"product-type-variable"},"jetpack_sharing_enabled":true,"_links":{"self":[{"href":"https:\/\/azalia-boutique.com\/tienda\/wp-json\/wp\/v2\/product\/4513","targetHints":{"allow":["GET"]}}],"collection":[{"href":"https:\/\/azalia-boutique.com\/tienda\/wp-json\/wp\/v2\/product"}],"about":[{"href":"https:\/\/azalia-boutique.com\/tienda\/wp-json\/wp\/v2\/types\/product"}],"wp:featuredmedia":[{"embeddable":true,"href":"https:\/\/azalia-boutique.com\/tienda\/wp-json\/wp\/v2\/media\/4514"}],"wp:attachment":[{"href":"https:\/\/azalia-boutique.com\/tienda\/wp-json\/wp\/v2\/media?parent=4513"}],"wp:term":[{"taxonomy":"product_brand","embeddable":true,"href":"https:\/\/azalia-boutique.com\/tienda\/wp-json\/wp\/v2\/product_brand?post=4513"},{"taxonomy":"product_cat","embeddable":true,"href":"https:\/\/azalia-boutique.com\/tienda\/wp-json\/wp\/v2\/product_cat?post=4513"},{"taxonomy":"product_tag","embeddable":true,"href":"https:\/\/azalia-boutique.com\/tienda\/wp-json\/wp\/v2\/product_tag?post=4513"}],"curies":[{"name":"wp","href":"https:\/\/api.w.org\/{rel}","templated":true}]}}