{"id":6749,"date":"2026-03-26T22:46:16","date_gmt":"2026-03-26T22:46:16","guid":{"rendered":"https:\/\/azalia-boutique.com\/tienda\/?post_type=product&#038;p=6749"},"modified":"2026-03-26T22:46:16","modified_gmt":"2026-03-26T22:46:16","slug":"vestido-livia-beige-2","status":"publish","type":"product","link":"https:\/\/azalia-boutique.com\/tienda\/producto\/vestido-livia-beige-2\/","title":{"rendered":"Vestido Livia Beige"},"content":{"rendered":"<div class=\"flex flex-col text-sm pb-25\">\n<section class=\"text-token-text-primary w-full focus:outline-none [--shadow-height:45px] has-data-writing-block:pointer-events-none has-data-writing-block:-mt-(--shadow-height) has-data-writing-block:pt-(--shadow-height) [&amp;:has([data-writing-block])&gt;*]:pointer-events-auto scroll-mt-[calc(var(--header-height)+min(200px,max(70px,20svh)))]\" dir=\"auto\" data-turn-id=\"request-WEB:f2872690-62d7-484a-a2cf-52be0d6ca5e5-0\" data-testid=\"conversation-turn-2\" data-scroll-anchor=\"true\" data-turn=\"assistant\">\n<div class=\"text-base my-auto mx-auto pb-10 [--thread-content-margin:var(--thread-content-margin-xs,calc(var(--spacing)*4))] @w-sm\/main:[--thread-content-margin:var(--thread-content-margin-sm,calc(var(--spacing)*6))] @w-lg\/main:[--thread-content-margin:var(--thread-content-margin-lg,calc(var(--spacing)*16))] px-(--thread-content-margin)\">\n<div class=\"[--thread-content-max-width:40rem] @w-lg\/main:[--thread-content-max-width:48rem] mx-auto max-w-(--thread-content-max-width) flex-1 group\/turn-messages focus-visible:outline-hidden relative flex w-full min-w-0 flex-col agent-turn\">\n<div class=\"flex max-w-full flex-col gap-4 grow\">\n<div class=\"min-h-8 text-message relative flex w-full flex-col items-end gap-2 text-start break-words whitespace-normal outline-none keyboard-focused:focus-ring [.text-message+&amp;]:mt-1\" dir=\"auto\" tabindex=\"0\" data-message-author-role=\"assistant\" data-message-id=\"08da4e73-6149-43bf-97ec-c282b456976c\" data-message-model-slug=\"gpt-5-3\" data-turn-start-message=\"true\">\n<div class=\"flex w-full flex-col gap-1 empty:hidden\">\n<div class=\"markdown prose dark:prose-invert w-full wrap-break-word dark markdown-new-styling\">\n<p data-start=\"0\" data-end=\"256\"><em>El <strong>Vestido Livia Beige<\/strong> es la definici\u00f3n perfecta de elegancia y sofisticaci\u00f3n. Confeccionado en una tela satinada de acabado suave y luminoso, este dise\u00f1o estiliza la silueta gracias a su corte ce\u00f1ido en la parte superior y su ca\u00edda fluida en la falda.<\/em><\/p>\n<p data-start=\"258\" data-end=\"566\"><em>Su escote halter con delicados pliegues aporta un toque refinado y moderno, mientras que la espalda descubierta con ajuste tipo corset y lazo a\u00f1ade un detalle sensual y femenino. La falda larga incorpora un sutil drapeado frontal y una abertura lateral que brinda movimiento y un aire sofisticado al caminar.<\/em><\/p>\n<p data-start=\"568\" data-end=\"751\" data-is-last-node=\"\" data-is-only-node=\"\"><em>Ideal para eventos formales, cenas especiales o celebraciones elegantes, el vestido Livia Beige es una pieza atemporal que destaca por su estilo minimalista y su encanto irresistible.<\/em><\/p>\n<\/div>\n<\/div>\n<\/div>\n<\/div>\n<div class=\"z-0 flex min-h-[46px] justify-start\"><\/div>\n<div class=\"mt-3 w-full empty:hidden\">\n<div class=\"text-center\"><\/div>\n<\/div>\n<\/div>\n<\/div>\n<\/section>\n<\/div>\n<div class=\"pointer-events-none h-px w-px absolute bottom-0\" aria-hidden=\"true\" data-edge=\"true\"><\/div>\n","protected":false},"excerpt":{"rendered":"<p>El Vestido Livia Beige es la definici\u00f3n perfecta de elegancia y sofisticaci\u00f3n. Confeccionado en una tela satinada de acabado suave y luminoso, este dise\u00f1o estiliza la silueta gracias a su corte ce\u00f1ido en la parte superior y su ca\u00edda fluida en la falda. Su escote halter con delicados pliegues aporta un toque refinado y moderno, [&hellip;]<\/p>\n","protected":false},"featured_media":6752,"template":"","meta":{"inline_featured_image":false,"_joinchat":[]},"product_brand":[],"product_cat":[31,30],"product_tag":[560,95,172,618,474,623,174,403,636,657],"class_list":{"0":"post-6749","1":"product","2":"type-product","3":"status-publish","4":"has-post-thumbnail","6":"product_cat-vestidos","7":"product_cat-vestidos-largos","8":"product_tag-bautizos","9":"product_tag-beige","10":"product_tag-bodas","11":"product_tag-cenas-romanticas","12":"product_tag-citas","13":"product_tag-eventos-especiales","14":"product_tag-graduaciones","15":"product_tag-reuniones","16":"product_tag-reuniones-especiales","17":"product_tag-vestido-largo","19":"first","20":"instock","21":"sold-individually","22":"shipping-taxable","23":"purchasable","24":"product-type-variable"},"jetpack_sharing_enabled":true,"_links":{"self":[{"href":"https:\/\/azalia-boutique.com\/tienda\/wp-json\/wp\/v2\/product\/6749","targetHints":{"allow":["GET"]}}],"collection":[{"href":"https:\/\/azalia-boutique.com\/tienda\/wp-json\/wp\/v2\/product"}],"about":[{"href":"https:\/\/azalia-boutique.com\/tienda\/wp-json\/wp\/v2\/types\/product"}],"wp:featuredmedia":[{"embeddable":true,"href":"https:\/\/azalia-boutique.com\/tienda\/wp-json\/wp\/v2\/media\/6752"}],"wp:attachment":[{"href":"https:\/\/azalia-boutique.com\/tienda\/wp-json\/wp\/v2\/media?parent=6749"}],"wp:term":[{"taxonomy":"product_brand","embeddable":true,"href":"https:\/\/azalia-boutique.com\/tienda\/wp-json\/wp\/v2\/product_brand?post=6749"},{"taxonomy":"product_cat","embeddable":true,"href":"https:\/\/azalia-boutique.com\/tienda\/wp-json\/wp\/v2\/product_cat?post=6749"},{"taxonomy":"product_tag","embeddable":true,"href":"https:\/\/azalia-boutique.com\/tienda\/wp-json\/wp\/v2\/product_tag?post=6749"}],"curies":[{"name":"wp","href":"https:\/\/api.w.org\/{rel}","templated":true}]}}